Let u be -5*((-95)/(-25) + -4). Is (u - 5/15) + (-433)/(-3) composite?
True
Is (-14)/2 + -4 + 1872 a prime number?
True
Suppose 2 = 2*f + 3*n + 3, -5*n + 9 = -2*f. Let b = f - -7. Let i(d) = 12*d**2 + d + 2. Is i(b) a prime number?
True
Suppose 4*d - 2*p - 103170 = 0, -4*p - 66571 + 14989 = -2*d. Is d a prime number?
True
Let q = -1843 - -3223. Suppose -3*l + 2075 = f + 4*f, 5*f = -2*l + q. Is l a composite number?
True
Let q(b) = -10*b + 8. Suppose -2 = -3*n - 29. Let j be q(n). Let y = j + 23. Is y prime?
False
Let c(l) = -l**2 - 8*l - 6. Let s be (-45)/30 + 18/(-4). Is c(s) a prime number?
False
Let g(j) = -1346*j - 3. Let n be g(-1). Let x = n + -809. Is 2 + -3 + 4 + x a composite number?
True
Let h = 1212 + -843. Suppose -g = -782 - h. Is g prime?
True
Let z(r) = 41*r**2 - 38*r + 29. Let i(y) = 27*y**2 - 25*y + 19. Let h(g) = -8*i(g) + 5*z(g). Let k be h(8). Let o = k + 968. Is o composite?
False
Suppose 0 = -4*v - 16, -v = -j - j + 52. Let f be (-178)/(-14) + j/84. Let w = f - -146. Is w composite?
True
Suppose 3*x + 12 = -3*z, 4*x + 19 = -3*z + 2. Suppose 6 = -w + z. Let h(j) = -30*j + 11. Is h(w) composite?
True
Is (-3)/(-7) + (-439970)/(-35) a prime number?
False
Suppose -2*o - 5*g + 1362 = 0, o + 0*g - 675 = -g. Is o prime?
False
Let x = -14 - -253. Let q = x - -54. Is q a composite number?
False
Let o(t) = 1083*t**2 - t. Let c be o(1). Suppose 3*z = 2*w + 1338, -1143 = 3*w - z + 864. Let l = w + c. Is l prime?
False
Suppose 5*u = 3*w + 14258, 0 = 3*u - 0*u - 4*w - 8557. Suppose -7*t = -2364 - u. Is t prime?
False
Let s = 66 + -58. Suppose s*k = -2*k + 250. Is k a prime number?
False
Is (0 - 1)*(0 - 4795 - -12) composite?
False
Let y be -13 - -606 - (-2 - 1). Let q = y + -147. Is q a composite number?
False
Let y(k) = k + 2. Let r be y(1). Suppose -22 = r*s - 5*m, 6*s - s = -m - 74. Is (s/35)/(6/(-4965)) composite?
False
Let w(j) = 114*j**2 - 27*j + 7. Is w(8) prime?
False
Suppose o = -4*q + 3*o + 308, 253 = 3*q + 4*o. Suppose -3*f + 3767 = -2*m, -5*f + 5*m + 6191 + q = 0. Is f a prime number?
True
Let r = 4297 - 2936. Is r a prime number?
True
Suppose -w = -2*w + 5*x + 13068, 39284 = 3*w + x. Is w prime?
True
Suppose -3*f = -5*j + 10, -67*f = -70*f. Let x be (1*(-2 + 1))/(-1). Is x + (180/j)/3 a composite number?
False
Suppose 0 = -n + 5*v + 15, 5*n + 2*v - v = -3. Suppose -5*f = -5*s - 2430 - 1685, -5*s + 25 = n. Let q = -251 + f. Is q prime?
True
Suppose 5*w + n + 48 = -n, w - n + 11 = 0. Suppose -8 = -0*f - 4*f, f + 62 = -2*a. Let v = w - a. Is v a composite number?
True
Let q(s) = -31*s + 53437. Is q(0) a composite number?
False
Suppose -4*o - 20384 = -132556. Is o composite?
True
Let r = 11545 - 4502. Is r a prime number?
True
Let s be (11*1/1)/(-1). Let m be (-122)/8*(s + -1). Is m - (-1 - -4 - 1) prime?
True
Let h be 2310 + 10 + 3 + 1. Let u = -789 + h. Suppose 14*m = 13*m + u. Is m a composite number?
True
Let m(c) = -c**3 - 3*c**2 - 3*c - 4. Let f be m(-3). Suppose -5*n = f*w - 4485, 3*n - 4445 = -2*n + 3*w. Suppose -3*i - i = -n. Is i composite?
False
Suppose 3*w = -4*k + 68, -4*k - 17 = -5*w - 53. Is 18/(-42) + 17576/k prime?
False
Let n = 16084 - 3024. Is n/20 + (-4)/(-2) a composite number?
True
Let n = 3916 - -331. Is n composite?
True
Let g(v) = 34*v**2 - 6*v + 5. Let h be g(3). Suppose -3*o + h = -88. Is o a prime number?
True
Is 20/3*207864/96 a composite number?
True
Is 2283 - (-1 + (-1 - (0 + 0))) prime?
False
Suppose -5*c = -4*t - 1705, 6*c + 2*t = 7*c - 341. Is c prime?
False
Suppose 0*g = -4*u - g + 4537, -u = -g - 1138. Let q = u - 678. Is q prime?
True
Suppose 2*d - 3 - 1 = 0. Suppose d*h + 3*h + 3*q - 35 = 0, 0 = 3*h - 5*q + 13. Suppose -5*a + 545 = -h*f, -2*f + 406 = 3*a + 79. Is a a prime number?
True
Is (-1)/(6/(-9)) - 48887/(-2) a composite number?
True
Let m(q) = 20*q**3 - 2*q + 4. Let i be m(3). Let p(c) = -2*c - 2. Let z be p(-3). Suppose i = z*w + 126. Is w a prime number?
True
Suppose -3*s - 184817 = -5*o - 53943, 5*o - 130859 = -2*s. Is o a composite number?
True
Let m = -44 - -51. Suppose m*b - 21181 - 4306 = 0. Is b a composite number?
True
Let a be (-11 + 8)*4/2. Let h be (2 - 42)*a/8. Is ((-15)/h)/((-1)/46) a composite number?
False
Suppose -3*n + 36*b + 27702 = 37*b, -2*b = -5*n + 46159. Is n a composite number?
True
Let w(n) = -88*n**3 + 3*n**2 - n - 17. Is w(-3) a prime number?
True
Let c = -1 - -1. Suppose c = 18*b - 199741 + 49063. Is b composite?
True
Suppose -5*p + 13678 + 17502 = 5*h, -5*h = -3*p + 18732. Is p a prime number?
False
Let v(s) = -1778*s + 5. Suppose 0 = -h - 2*h + i, i - 1 = 4*h. Is v(h) composite?
False
Let t(a) = 23*a**2 - 5*a - 1. Let s be t(3). Suppose -q = s - 484. Is q a prime number?
True
Let u = -790 - -1921. Suppose -22*g + 9*g + u = 0. Is g composite?
True
Let t be ((-6)/2 - 1360) + -2. Let u = 1916 + t. Is u prime?
False
Let u(k) = -3*k**3 - 6*k**2 - 7*k + 15. Let v be u(-7). Suppose 4*q - v = -3*p, 0*p - 4*p - q = -1061. Is p a prime number?
False
Let b = 4 - 6. Let j be 1 - b/(2 + -1). Suppose -2*o = -j*o + 178. Is o a prime number?
False
Is (-10)/4*(-652)/10 a composite number?
False
Let p(k) = -3*k**3 - 6*k**2 - 3*k - 6. Let h be p(-4). Suppose -2*m = 2*b + 2*b - h, -3*b - 135 = -3*m. Is m a composite number?
False
Suppose -c = -6*c + 1325. Suppose -3*f + 15 = 2*f, -f = -4*v + c. Is v prime?
True
Suppose -7235 = -2*s - 4*m - 303, -3*m - 6918 = -2*s. Let l = s - -181. Is l prime?
True
Let v(k) = -8*k**3 - 6*k**2 - 5*k - 8. Let w be v(-6). Suppose -3*s + w = -s. Is s prime?
False
Suppose 3*p = 15, p = -2*a + 6*p - 29. Let t(h) be the first derivative of -74*h**2 - h + 21. Is t(a) composite?
True
Let u = 18 - 17. Is ((-6)/12)/(u/(-178)) a composite number?
False
Suppose 0 = -4*n + n + 6. Suppose 3*u - n*u = 0. Suppose u = -3*m + 827 - 329. Is m prime?
False
Suppose 3*z - 11 = 208. Suppose 3*q - 134 = z. Is q prime?
False
Let v(m) = -m - 11. Let z = 11 + -24. Let s be v(z). Is (s/6)/(3/1413) a composite number?
False
Suppose 0 = -9*d + 8*d - 7. Let l = d + 5. Is (-89)/((-2)/(-4)*l) a prime number?
True
Suppose -4*u + 6693 = 2*o - 11913, -5*u = 20. Is o a composite number?
False
Let m(c) = 3*c**3 + 12*c**2 - 2*c + 1. Is m(6) composite?
False
Let h(f) be the second derivative of -f**4/12 - 4*f**3/3 + 3*f**2/2 + 5*f. Let w be h(-7). Is 73/2 - (-5)/w a prime number?
True
Let l = -1 - -6. Suppose -5*y + 4*n + 110 = l*n, 74 = 4*y - 2*n. Is (-14)/y - (-575)/3 composite?
False
Suppose -5 = 4*w - 17. Suppose 0*u - w*u = 0. Suppose 2*p = p + 3*k + 29, p + k - 21 = u. Is p a composite number?
False
Let q(k) = k**3 + 16*k**2 + 16*k + 7. Let m = -16 + 3. Let v be q(m). Suppose -31 = 5*j - v. Is j composite?
True
Let p(v) = v**3 + 3*v**2 + 4*v + 5. Let c(l) = l**3 + 2*l**2 + 4*l + 4. Let f(b) = -4*c(b) + 3*p(b). Suppose k + 2 = -2. Is f(k) a prime number?
False
Suppose -2*l - l = 0. Let q be (2 + -1)*(l - 0). Let v(n) = 2*n + 251. Is v(q) prime?
True
Is (-86235)/(-24) - (-3)/(-24) prime?
True
Suppose 0 = 2*c + 18 - 28. Suppose -b = -c*b + 2708. Is b a composite number?
False
Let n(d) = -d. Let k(l) = -22. Let h(a) = -k(a) - n(a). Is h(-9) a prime number?
True
Suppose 4*n = 34 + 38. Suppose 11 = -2*p + p. Let o = p + n. Is o a composite number?
False
Let z(d) = 44*d + 5. Let l be z(11). Suppose 396 = g + 5*n, g = 4*n + l - 120. Is g a prime number?
False
Suppose -5*m + 4625 = -2*i, 3*m - 4*i - 2779 = -2*i. Suppose 3*k + 5*h = -2322, h = -3*k - 1399 - m. Is (k/6)/(3/(-2)) a composite number?
True
Suppose -4*l + 4 = 0, 0 = -2*j + l + 4*l + 873. Is j a prime number?
True
Suppose 3*w - 240 = -p, w + p + 0*p = 82. Suppose 4*c + w = 1259. Is c prime?
False
Let k(n) = -191*n**3 + 7*n + 17. Is k(-3) composite?
False
Suppose -q = 4*q + 15. Is (9/(-6))/q*578 prime?
False
Is 2/11 + (-180225)/(-55) + -6 prime?
True
Suppose 2*n = -i + 376, i + i + 8 = 0. Suppose 0*c + n = 5*c. Is c composite?
True
Let w(t) = 14*t - 2. Let s be w(9). Suppose g + d - s = 343, -5*d + 928 = 2*g. Is g composite?
True
Suppose -4*s + 2*v = -s, 3*s - 4*v = -6. Suppose -613 + 211 = -s*l + 5*q, -199 = -l + 2*q. Is l prime?
True
Let l be (63 - 3/(-3)) + -1. Let n = l - 61. Is n composite?
False
Let h(u) = u**3 + 4*u**2 + 3*u + 4. Let r be h(-3). Suppose -5*b + b = -r. Is (-344)/(-16) + b/(-2) a composite number?